e of 0 + 12*p**2 - 1/6*p**3 - 1/30*p**5 + 0*p - 1/24*p**4. Let z = 170 - 172. Give u(z).
-7
Let d(m) = 2*m + 11. Suppose 3*s + 0*s - 8 = 2*h, -h - 4 = -3*s. Let b be (h/(-34) - 276/34) + -1. Give d(b).
-7
Let s(t) = -t**3 - 11*t**2 - 23*t + 7. Let o(f) = f**3 + 3*f**2 + 8*f + 16. Let q be o(-3). Determine s(q).
-1
Let h(g) = -37*g**2 + 8*g - 20. Let l(f) = 23*f**2 - 5*f + 13. Let x(n) = -5*h(n) - 8*l(n). What is x(-3)?
5
Let q(r) = r**3 - 11*r**2 - 15*r - 15. Let c(g) = 683*g + 4111. Let z be c(-6). What is q(z)?
128
Let z(p) = -46*p**2 + 3*p - 105. Let d(c) = 21*c**2 - c + 49. Let u(n) = -13*d(n) - 6*z(n). Calculate u(-1).
1
Suppose 6*d - 1025 = -995. Let q(p) = -p - 1. Let o be q(-3). Let a(f) = 3*f - 3*f - f**o + 5 + f + 2*f. Give a(d).
-5
Let y(f) = -11*f + 13 + f**3 - 8*f**2 - 2*f**2 + f**2 + 3. Let w be y(10). Let x(z) = -z**2 + 9*z - 7. Determine x(w).
11
Let l(z) = z**2 - 4. Let w(r) = r**3 - 15*r**2 - 47*r - 40. Let n(c) = -7*l(c) + w(c). Calculate n(24).
12
Let u(v) = 2*v**2 - 22*v + 21. Let l be u(10). Let m(b) = -7*b + b - l + 6*b + 2*b. Give m(1).
1
Let j(q) be the third derivative of -q**5/60 + 7*q**4/24 + 3*q**2. Let t(g) = -2*g**2 + 2*g + 47. Let b be t(-8). Let n = 104 + b. Calculate j(n).
0
Suppose 4*w + 2*f = 4*f + 18, 2*f = 5*w - 22. Let d be ((-9)/(-2))/(w/8). Let h(y) = 2*y - 13. Calculate h(d).
5
Let g be 2/4 - (-7)/2. Suppose i + u = g, -i - 10 = -2*i + u. Suppose 0 = -6*l - l + i. Let w(s) = 8*s**3 + 2*s**2 - 1. What is w(l)?
9
Let w(i) = -10*i - 71. Let y(z) = 3*z**2 - 11*z - 26. Let x be y(5). Give w(x).
-11
Let w(y) = y**2 + 92 - 177 + 90 + 7*y. Let t be (0 - 7) + -7 + (4 - -4). What is w(t)?
-1
Let w(o) be the second derivative of -o**5/20 + 3*o**4/4 + 4*o**3 - 10*o**2 + o + 353. Give w(11).
2
Let v(c) = 10*c**2 + 2*c - 2. Let z be v(2). Let t(w) = -z*w - 7 - 54*w + 93*w. Determine t(-5).
8
Let s(h) = -5*h + 2. Suppose 2*a - 5*a = -3*g - 15, -a - 2*g + 11 = 0. Suppose 2*p = -a*p + 27. Give s(p).
-13
Let i be (-90)/35*(-42)/9. Suppose -4*a - 3*j - 2*j + 63 = 0, 0 = a + 2*j - i. Let p = a + -25. Let q(k) = -2*k**3 - 3*k**2 + 4*k - 1. What is q(p)?
14
Let l = -266 + 265. Let w(t) be the third derivative of -t**6/40 - t**4/8 - t**3/3 + t**2. Give w(l).
4
Let c(j) = 5*j + 0*j + 10*j - 6 + 6*j - 10*j. Calculate c(3).
27
Let v = -223 + 226. Suppose 0 = 3*r - 6*r + v. Let h(x) = -29*x - 1. What is h(r)?
-30
Let r(l) = 4*l + 7. Suppose -1 = 4*w - o - 8, 0 = 5*o - 25. Suppose 1169*u - 1170*u = 9. Let s = u + w. Determine r(s).
-17
Suppose 3*q + 3*k = 9, -3*q - 2*k + 3 = 2. Let p(a) = -a**3 - 2*a**2 + 11*a - 8. Give p(q).
12
Let x(s) be the first derivative of s**3/3 - 5*s**2/2 + 2. Suppose -3*p = -819*l + 820*l - 13, -3*l = -4*p + 39. Calculate x(p).
6
Let o(m) = m**2 + 64*m - 581. Let a be o(-72). Let s(q) = -q - 5. Calculate s(a).
0
Let m(v) be the first derivative of -2*v**3/3 + 45*v**2/2 + 14*v + 5220. What is m(22)?
36
Let h = 394 + -350. Let g be (-36)/h + (-2)/11. Let d(l) = -3*l + 3. Let u(v) = -v - 1. Let w(n) = d(n) + 4*u(n). Determine w(g).
6
Let f(k) = 3*k + 13. Let w(v) = 11*v + 36. Let y(a) = 3*f(a) - w(a). Let h be 2/(-2)*5 - 1. What is y(h)?
15
Let q be ((-108)/(-10))/(1 - 6/10). Suppose -2*m + 4*r - 12 = 0, 3*m + 12*r = 9*r - q. Let l(b) = -b**3 - 9*b**2 - 9*b - 8. Determine l(m).
0
Let l(g) = -g**2 - 3*g + 1. Let q(c) = 5*c - 12*c**2 - 3*c**3 - 4 + 4*c**2 + 3*c**2 + 2*c**3. Let k be q(-7). Let n = k + -62. Determine l(n).
1
Suppose 2*i + 2 = 4. Suppose 4*s = u + 13 + 5, -3*s + 7 = -4*u. Let y(j) = -7 - s*j**3 - 2 + 4 + 4. Calculate y(i).
-6
Let b = -10 + 3. Let j be ((-8)/(-6))/(162/243). Let s(z) = -32 + 6*z + 4*z**2 + 25 + z**2 - 2*z**j - 2*z**2. What is s(b)?
0
Let s(o) be the first derivative of -o**2/2 + 2*o - 2321. Give s(-5).
7
Suppose -12 = -6*v + 8*v. Let g be (21/(-6) + 0)/(v/(-12)). Let s(n) = 3*n**2 - 2*n - 3*n**2 - 10 - n**2 - 6*n. Calculate s(g).
-3
Let l(a) be the second derivative of a**6/360 - a**5/60 - a**4/6 - 31*a**3/6 + a**2 - 17*a. Let z(t) be the second derivative of l(t). Give z(4).
4
Let t = 9602 - 9608. Let z(i) be the first derivative of -i**3/3 - 2*i**2 + 6*i + 1. Give z(t).
-6
Let q(n) be the second derivative of n**6/360 - n**5/24 + n**4/24 - n**3/3 - 41*n**2/2 - 31*n + 4. Let v(h) be the second derivative of q(h). Give v(5).
1
Let f(a) = a**3 + a**2 - 1213*a + 1210*a - 3*a**2 + 1. What is f(2)?
-5
Suppose 4*j = 2*r + 86, 47 - 21 = j + 4*r. Let o(y) = y**3 - 22*y**2 - 2*y + 64. Determine o(j).
20
Suppose -105 = 40*l - 80*l + 135. Let q(s) = -s**3 + 7*s**2 - 6*s - 9. Give q(l).
-9
Let u(t) = -26*t - 64. Let z be u(6). Let p = z - -222. Let o(l) = 5*l**3 + 2*l**2 - 2. Give o(p).
46
Let p(g) = -8*g + 13*g - 9 - 7*g + g + 12. Determine p(16).
-13
Suppose -5*o + 10 + 15 = 0. Let c(b) = b + 1. Let z(y) = -2*y**2 - 2*y - 1. Let w(n) = -6*c(n) - z(n). What is w(o)?
25
Let u(r) = r - 5. Suppose p = -3*p - 152. Suppose -4*l + 0*a = 3*a - 199, 240 = 5*l + 2*a. Let g = p + l. Give u(g).
3
Suppose 1427 - 525 - 578 = 27*i. Let r(d) = d**2 - 15*d - 27. Give r(i).
-63
Let p(r) = r**2 + 8*r + 8. Suppose 120*h - 2786 = 127*h. Let q = h - -390. Calculate p(q).
8
Suppose 3*l + 3 = -6*n + 3*n, n = 3*l - 13. Let y(c) = -55*c - 222. Let v be y(n). Let g(i) = -7*i**2 + 3*i + 2. Calculate g(v).
-32
Let p(g) be the first derivative of -2*g - 126 + 4*g**2 + 1/3*g**3. Calculate p(-5).
-17
Let s(y) = 336*y**2 - 85*y + 112. Let k(n) = 119*n**2 - 27*n + 37. Let m(w) = -17*k(w) + 6*s(w). Give m(-8).
3
Let j(d) = -7*d + 7 - 5 + 5*d - 2*d. Suppose -g + 5*g - 8 = 0. Suppose 2*k + g*k = 12. Give j(k).
-10
Suppose 3*m + 65 = 5. Let i(f) = -16*f - 72. Let t(w) = -w - 2. Let z(o) = m*t(o) + i(o). Let c be z(8). Let q(k) = -k - 22. Determine q(c).
-22
Suppose -4 = z, 36*k - 9 = 39*k + 3*z. Let m(i) = -117*i**2 - 1. Give m(k).
-118
Let k(p) = -42 + 5*p - 9 + 13. Let f(a) = a - 7. Let i(s) = 11*f(s) - 2*k(s). Give i(11).
10
Let h(z) = -9*z - 13*z - 7 + 15*z + z. Let x(g) = -6*g - 6. Let b(m) = -2*h(m) + 3*x(m). Determine b(-3).
14
Suppose 2*m = -2*f - 22, 5*f + 7 = 20*m - 17*m. Let p(j) = -j**3 - 3*j**2 + j - 3. Determine p(f).
42
Let l(c) be the first derivative of c**4/4 - 8*c**3/3 - 2*c**2 + 8*c - 1633. Determine l(8).
-24
Let x(g) = 6*g - 1. Let f(z) = 2*z**2 + 9*z + 3. Let o(d) = -f(d) + 3*x(d). Calculate o(5).
-11
Let v(x) = -38*x**2 - x + 4. Suppose -103 = -3*i - s - 107, 3*s = 2*i - 12. Calculate v(i).
4
Let b(q) = 2*q**3 + 9*q**2 + 5*q + 6. Let m be b(-4). Let r(t) = -19*t**m + 52*t**2 + 3*t - 32*t**2 - 4. What is r(-3)?
-4
Let k(m) = m**3 - 9*m**2 + 10*m - 3. Suppose -45*r + 49*r = 180. Let f = 10 - 47. Let j = f + r. What is k(j)?
13
Let t(j) = -23*j + 170. Let g be t(7). Let d be 20/10*g/(-6). Let z(y) = y**3 + 2*y**2 - 2*y + 4. Determine z(d).
1
Suppose -9*v + 543 = -654. Let z be (-5 - -1)*126/4. Let n = z + v. Let a(m) = m**3 - 8*m**2 + 4*m + 10. What is a(n)?
-11
Suppose -4*g - 287 = -315. Let x be (-8)/(-2) - (-7 + g - 5). Let p(v) = v**3 - 10*v**2 + 5*v + 9. Give p(x).
-27
Let r(u) = -2*u - 171. Let z(x) = x + 62. Let w(g) = -5*r(g) - 14*z(g). Determine w(11).
-57
Let n = 126 + -120. Suppose -26*z + 260 = -n*z. Let k(d) = -5*d + z*d + 40 - 40. Calculate k(1).
8
Let t = 3 + -8. Let y(x) = 75*x**3 - 130*x**2 - 20*x + 76. Let i(s) = 7*s**3 - 12*s**2 - 2*s + 7. Let v(l) = -43*i(l) + 4*y(l). Calculate v(t).
-2
Let f(c) = c**3 + 50*c**2 - 105*c - 64. Suppose 0 = 3*z - 1046 + 1031, -2*g - 2*z - 94 = 0. Give f(g).
-12
Let u = 740 + -707. Suppose -3*m - u = -3*b, 4*m + 8*b = 13*b - 43. Let p(d) = -d**3 - 13*d**2 - 15*d - 16. Determine p(m).
20
Suppose -13 = -6*m + 17. Let l(k) = -20*k**2 + 1 + m*k + 3 - 3 - 4*k. Determine l(-1).
-20
Let u(n) = n**2 - 6*n + 8. Let m be u(5). Let a be (0 + (2 - m))*1. Let j be (4/(-4))/(a/(-4)). Let r(y) = -y**3 - 4*y**2 - y - 3. Calculate r(j).
1
Suppose 0 = o + o - q - 2, 0 = -5*o - q - 9. Let g(d) be the second derivative of -d**2/2 - 2*d. Let v(m) = m**2 + 2. Let t(r) = o*v(r) - 4*g(r). What is t(3)?
-7
Let p be (-40)/(-5) + -5 + 5. Let s(n) = -21*n + 10*n**2 - p*n**2 - 2*n**3 - 6 - 24*n**2 + n**3. Let h be s(-21). Let v(x) = -3*x - 1. What is v(h)?
17
Let i(f) = 281362 - 140758 + 11*f - 140809. Determine i(18).
-7
Let z(a) = 352*a - 1771. Let o be z(5). Let f(q) = -q**